/home/bdqbpbxa/logs/artcosmetic.goodface.com.ua-ssl_log.bkup
185.156.42.209 - - [08/Nov/2025:07:52:48 -0500] "POST /wp-cron.php?doing_wp_cron=1762606368.3486480712890625000000 HTTP/1.1" 200 0 "https://artcosmetic.goodface.com.ua/wp-cron.php?doing_wp_cron=1762606368.3486480712890625000000" "WordPress/5.6.16; https://artcosmetic.goodface.com.ua"
205.185.127.199 - - [08/Nov/2025:07:52:49 -0500] "GET /wp-login.php HTTP/1.1" 200 2190 "https://www.bing.com/" "Mozilla/5.0 (Windows NT 10.0; Win64; x64) AppleWebKit/537.36 (KHTML, like Gecko) Chrome/118.0.5993.90 Safari/537.36 Edg/118.0.2088.76"
185.156.42.209 - - [08/Nov/2025:08:25:34 -0500] "POST /wp-cron.php?doing_wp_cron=1762608334.7054519653320312500000 HTTP/1.1" 200 0 "https://artcosmetic.goodface.com.ua/wp-cron.php?doing_wp_cron=1762608334.7054519653320312500000" "WordPress/5.6.16; https://artcosmetic.goodface.com.ua"
209.141.60.77 - - [08/Nov/2025:08:25:36 -0500] "GET /wp-login.php HTTP/1.1" 200 2190 "https://www.google.com/" "Mozilla/5.0 (iPhone; CPU iPhone OS 17_0 like Mac OS X) AppleWebKit/605.1.15 (KHTML, like Gecko) Version/17.0 Mobile/15E148 Safari/604.1"
185.156.42.209 - - [08/Nov/2025:08:30:03 -0500] "POST /wp-cron.php?doing_wp_cron=1762608603.2392680644989013671875 HTTP/1.1" 200 0 "https://artcosmetic.goodface.com.ua/wp-cron.php?doing_wp_cron=1762608603.2392680644989013671875" "WordPress/5.6.16; https://artcosmetic.goodface.com.ua"
107.189.14.134 - - [08/Nov/2025:08:30:03 -0500] "GET /wp-login.php HTTP/1.1" 200 2190 "https://www.bing.com/" "Mozilla/5.0 (Windows NT 10.0; Win64; x64; rv:120.0) Gecko/20100101 Firefox/120.0"
185.156.42.209 - - [08/Nov/2025:08:42:35 -0500] "POST /wp-cron.php?doing_wp_cron=1762609355.5324320793151855468750 HTTP/1.1" 200 0 "https://artcosmetic.goodface.com.ua/wp-cron.php?doing_wp_cron=1762609355.5324320793151855468750" "WordPress/5.6.16; https://artcosmetic.goodface.com.ua"
45.61.157.120 - - [08/Nov/2025:08:42:35 -0500] "GET /wp-login.php HTTP/1.1" 200 2481 "https://duckduckgo.com/" "Mozilla/5.0 (Windows NT 10.0; Win64; x64) AppleWebKit/537.36 (KHTML, like Gecko) Chrome/118.0.5993.117 Safari/537.36"
45.61.157.120 - - [08/Nov/2025:08:42:37 -0500] "POST /wp-login.php HTTP/1.1" 200 2615 "https://duckduckgo.com/" "Mozilla/5.0 (Windows NT 10.0; Win64; x64) AppleWebKit/537.36 (KHTML, like Gecko) Chrome/118.0.5993.117 Safari/537.36"
185.156.42.209 - - [08/Nov/2025:08:43:27 -0500] "POST /wp-cron.php?doing_wp_cron=1762609407.2947530746459960937500 HTTP/1.1" 200 0 "https://artcosmetic.goodface.com.ua/wp-cron.php?doing_wp_cron=1762609407.2947530746459960937500" "WordPress/5.6.16; https://artcosmetic.goodface.com.ua"
107.189.30.207 - - [08/Nov/2025:08:43:27 -0500] "GET /wp-login.php HTTP/1.1" 200 2481 "https://duckduckgo.com/" "Mozilla/5.0 (Windows NT 10.0; Win64; x64) AppleWebKit/537.36 (KHTML, like Gecko) Chrome/118.0.5993.90 Safari/537.36 Edg/118.0.2088.76"
185.156.42.209 - - [08/Nov/2025:08:44:41 -0500] "POST /wp-cron.php?doing_wp_cron=1762609481.5825059413909912109375 HTTP/1.1" 200 0 "https://artcosmetic.goodface.com.ua/wp-cron.php?doing_wp_cron=1762609481.5825059413909912109375" "WordPress/5.6.16; https://artcosmetic.goodface.com.ua"
107.189.30.207 - - [08/Nov/2025:08:44:41 -0500] "POST /wp-login.php HTTP/1.1" 200 2615 "https://duckduckgo.com/" "Mozilla/5.0 (Windows NT 10.0; Win64; x64) AppleWebKit/537.36 (KHTML, like Gecko) Chrome/118.0.5993.90 Safari/537.36 Edg/118.0.2088.76"
185.156.42.209 - - [08/Nov/2025:09:20:47 -0500] "POST /wp-cron.php?doing_wp_cron=1762611647.4834969043731689453125 HTTP/1.1" 200 0 "https://artcosmetic.goodface.com.ua/wp-cron.php?doing_wp_cron=1762611647.4834969043731689453125" "WordPress/5.6.16; https://artcosmetic.goodface.com.ua"
45.61.188.54 - - [08/Nov/2025:09:20:48 -0500] "GET /wp-login.php HTTP/1.1" 200 2190 "https://www.yahoo.com/" "Mozilla/5.0 (Windows NT 10.0; Win64; x64) AppleWebKit/537.36 (KHTML, like Gecko) Chrome/118.0.5993.117 Safari/537.36"
185.156.42.209 - - [08/Nov/2025:10:08:21 -0500] "POST /wp-cron.php?doing_wp_cron=1762614501.5078780651092529296875 HTTP/1.1" 200 0 "https://artcosmetic.goodface.com.ua/wp-cron.php?doing_wp_cron=1762614501.5078780651092529296875" "WordPress/5.6.16; https://artcosmetic.goodface.com.ua"
107.189.14.134 - - [08/Nov/2025:10:08:22 -0500] "GET /wp-login.php HTTP/1.1" 200 2190 "https://www.google.com/" "Mozilla/5.0 (Macintosh; Intel Mac OS X 10_15_7) AppleWebKit/605.1.15 (KHTML, like Gecko) Version/16.6 Safari/605.1.15"
185.156.42.209 - - [08/Nov/2025:10:09:39 -0500] "POST /wp-cron.php?doing_wp_cron=1762614579.0814089775085449218750 HTTP/1.1" 200 0 "https://artcosmetic.goodface.com.ua/wp-cron.php?doing_wp_cron=1762614579.0814089775085449218750" "WordPress/5.6.16; https://artcosmetic.goodface.com.ua"
205.185.127.199 - - [08/Nov/2025:10:09:39 -0500] "GET /wp-login.php HTTP/1.1" 200 2190 "-" "Mozilla/5.0 (Windows NT 10.0; Win64; x64; rv:120.0) Gecko/20100101 Firefox/120.0"
185.156.42.209 - - [08/Nov/2025:10:54:55 -0500] "POST /wp-cron.php?doing_wp_cron=1762617295.6487810611724853515625 HTTP/1.1" 200 0 "https://artcosmetic.goodface.com.ua/wp-cron.php?doing_wp_cron=1762617295.6487810611724853515625" "WordPress/5.6.16; https://artcosmetic.goodface.com.ua"
198.235.24.150 - - [08/Nov/2025:10:54:57 -0500] "GET / HTTP/1.1" 200 41839 "-" "Hello from Palo Alto Networks, find out more about our scans in https://docs-cortex.paloaltonetworks.com/r/1/Cortex-Xpanse/Scanning-activity"
185.156.42.209 - - [08/Nov/2025:12:26:39 -0500] "POST /wp-cron.php?doing_wp_cron=1762622799.0117790699005126953125 HTTP/1.1" 200 0 "https://artcosmetic.goodface.com.ua/wp-cron.php?doing_wp_cron=1762622799.0117790699005126953125" "WordPress/5.6.16; https://artcosmetic.goodface.com.ua"
209.141.54.165 - - [08/Nov/2025:12:26:41 -0500] "GET /wp-login.php HTTP/1.1" 200 2481 "https://www.google.com/" "Mozilla/5.0 (Windows NT 10.0; Win64; x64) AppleWebKit/537.36 (KHTML, like Gecko) Chrome/118.0.5993.90 Safari/537.36 Edg/118.0.2088.76"
209.141.54.165 - - [08/Nov/2025:12:26:43 -0500] "POST /wp-login.php HTTP/1.1" 200 2615 "https://www.google.com/" "Mozilla/5.0 (Windows NT 10.0; Win64; x64) AppleWebKit/537.36 (KHTML, like Gecko) Chrome/118.0.5993.90 Safari/537.36 Edg/118.0.2088.76"
185.156.42.209 - - [08/Nov/2025:12:28:41 -0500] "POST /wp-cron.php?doing_wp_cron=1762622921.0468220710754394531250 HTTP/1.1" 200 0 "https://artcosmetic.goodface.com.ua/wp-cron.php?doing_wp_cron=1762622921.0468220710754394531250" "WordPress/5.6.16; https://artcosmetic.goodface.com.ua"
107.189.1.5 - - [08/Nov/2025:12:28:41 -0500] "GET /wp-login.php HTTP/1.1" 200 2481 "-" "Mozilla/5.0 (iPhone; CPU iPhone OS 17_0 like Mac OS X) AppleWebKit/605.1.15 (KHTML, like Gecko) Version/17.0 Mobile/15E148 Safari/604.1"
107.189.1.5 - - [08/Nov/2025:12:28:45 -0500] "POST /wp-login.php HTTP/1.1" 200 2610 "-" "Mozilla/5.0 (iPhone; CPU iPhone OS 17_0 like Mac OS X) AppleWebKit/605.1.15 (KHTML, like Gecko) Version/17.0 Mobile/15E148 Safari/604.1"
185.156.42.209 - - [08/Nov/2025:13:04:48 -0500] "POST /wp-cron.php?doing_wp_cron=1762625088.5478808879852294921875 HTTP/1.1" 200 0 "https://artcosmetic.goodface.com.ua/wp-cron.php?doing_wp_cron=1762625088.5478808879852294921875" "WordPress/5.6.16; https://artcosmetic.goodface.com.ua"
147.185.132.225 - - [08/Nov/2025:13:04:50 -0500] "GET /wp-login.php HTTP/1.1" 200 7948 "-" "Hello from Palo Alto Networks, find out more about our scans in https://docs-cortex.paloaltonetworks.com/r/1/Cortex-Xpanse/Scanning-activity"
185.156.42.209 - - [08/Nov/2025:13:55:46 -0500] "POST /wp-cron.php?doing_wp_cron=1762628146.8845820426940917968750 HTTP/1.1" 200 0 "https://artcosmetic.goodface.com.ua/wp-cron.php?doing_wp_cron=1762628146.8845820426940917968750" "WordPress/5.6.16; https://artcosmetic.goodface.com.ua"
176.65.148.212 - - [08/Nov/2025:13:55:49 -0500] "GET /.env HTTP/1.1" 404 24954 "-" "Mozilla/5.0 (Windows NT 10.0; Win64; x64) AppleWebKit/537.36 (KHTML, like Gecko) Chrome/134.0.0.0 Safari/537.3"
185.156.42.209 - - [08/Nov/2025:14:41:42 -0500] "POST /wp-cron.php?doing_wp_cron=1762630902.5889320373535156250000 HTTP/1.1" 200 0 "https://artcosmetic.goodface.com.ua/wp-cron.php?doing_wp_cron=1762630902.5889320373535156250000" "WordPress/5.6.16; https://artcosmetic.goodface.com.ua"
107.189.12.15 - - [08/Nov/2025:14:41:44 -0500] "GET /wp-login.php HTTP/1.1" 200 2190 "-" "Mozilla/5.0 (Windows NT 10.0; Win64; x64) AppleWebKit/537.36 (KHTML, like Gecko) Chrome/118.0.5993.117 Safari/537.36"
185.156.42.209 - - [08/Nov/2025:14:43:54 -0500] "POST /wp-cron.php?doing_wp_cron=1762631034.3293960094451904296875 HTTP/1.1" 200 0 "https://artcosmetic.goodface.com.ua/wp-cron.php?doing_wp_cron=1762631034.3293960094451904296875" "WordPress/5.6.16; https://artcosmetic.goodface.com.ua"
107.189.12.178 - - [08/Nov/2025:14:43:54 -0500] "GET /wp-login.php HTTP/1.1" 200 2190 "https://www.yahoo.com/" "Mozilla/5.0 (Windows NT 10.0; Win64; x64; rv:120.0) Gecko/20100101 Firefox/120.0"
209.38.208.202 - - [08/Nov/2025:14:58:04 -0500] "GET / HTTP/1.1" 499 0 "-" "-"
185.156.42.209 - - [08/Nov/2025:14:58:05 -0500] "POST /wp-cron.php?doing_wp_cron=1762631885.9523429870605468750000 HTTP/1.1" 200 0 "https://artcosmetic.goodface.com.ua/wp-cron.php?doing_wp_cron=1762631885.9523429870605468750000" "WordPress/5.6.16; https://artcosmetic.goodface.com.ua"
209.38.208.202 - - [08/Nov/2025:14:58:14 -0500] "GET / HTTP/1.1" 301 0 "-" "Mozilla/5.0 (Linux; Android 6.0; HTC One M9 Build/MRA022971) AppleWebKit/537.36 (KHTML, like Gecko) Chrome/52.0.3114.98 Mobile Safari/537.3"
209.38.208.202 - - [08/Nov/2025:14:58:17 -0500] "POST /graphql HTTP/1.1" 404 5879 "-" "Mozilla/5.0 (l9scan/2.0.930323e22343e2635313e2538313; +https://leakix.net)"
209.38.208.202 - - [08/Nov/2025:14:58:20 -0500] "POST /api HTTP/1.1" 404 5879 "-" "Mozilla/5.0 (l9scan/2.0.930323e22343e2635313e2538313; +https://leakix.net)"
209.38.208.202 - - [08/Nov/2025:14:58:22 -0500] "POST /api/graphql HTTP/1.1" 404 5879 "-" "Mozilla/5.0 (l9scan/2.0.930323e22343e2635313e2538313; +https://leakix.net)"
209.38.208.202 - - [08/Nov/2025:14:58:24 -0500] "POST /graphql/api HTTP/1.1" 404 5879 "-" "Mozilla/5.0 (l9scan/2.0.930323e22343e2635313e2538313; +https://leakix.net)"
209.38.208.202 - - [08/Nov/2025:14:58:27 -0500] "GET /swagger-ui.html HTTP/1.1" 301 0 "-" "Mozilla/5.0 (l9scan/2.0.930323e22343e2635313e2538313; +https://leakix.net)"
209.38.208.202 - - [08/Nov/2025:14:58:29 -0500] "GET /swagger/index.html HTTP/1.1" 301 0 "-" "Mozilla/5.0 (l9scan/2.0.930323e22343e2635313e2538313; +https://leakix.net)"
209.38.208.202 - - [08/Nov/2025:14:58:31 -0500] "GET /swagger/swagger-ui.html HTTP/1.1" 301 0 "-" "Mozilla/5.0 (l9scan/2.0.930323e22343e2635313e2538313; +https://leakix.net)"
209.38.208.202 - - [08/Nov/2025:14:58:34 -0500] "GET /webjars/swagger-ui/index.html HTTP/1.1" 301 0 "-" "Mozilla/5.0 (l9scan/2.0.930323e22343e2635313e2538313; +https://leakix.net)"
209.38.208.202 - - [08/Nov/2025:14:58:34 -0500] "GET /swagger.json HTTP/1.1" 499 0 "-" "Mozilla/5.0 (l9scan/2.0.930323e22343e2635313e2538313; +https://leakix.net)"
209.38.208.202 - - [08/Nov/2025:14:58:37 -0500] "GET /@vite/env HTTP/1.1" 499 0 "-" "Go-http-client/1.1"
209.38.208.202 - - [08/Nov/2025:14:58:39 -0500] "GET /actuator/env HTTP/1.1" 301 0 "-" "Go-http-client/1.1"
209.38.208.202 - - [08/Nov/2025:14:58:42 -0500] "GET /server HTTP/1.1" 301 0 "-" "Go-http-client/1.1"
209.38.208.202 - - [08/Nov/2025:14:58:44 -0500] "GET /.vscode/sftp.json HTTP/1.1" 301 0 "-" "Go-http-client/1.1"
209.38.208.202 - - [08/Nov/2025:14:58:47 -0500] "GET /about HTTP/1.1" 301 0 "-" "Go-http-client/1.1"
209.38.208.202 - - [08/Nov/2025:14:58:49 -0500] "GET /debug/default/view?panel=config HTTP/1.1" 301 0 "-" "Go-http-client/1.1"
209.38.208.202 - - [08/Nov/2025:14:58:52 -0500] "GET /v2/_catalog HTTP/1.1" 301 0 "-" "Go-http-client/1.1"
209.38.208.202 - - [08/Nov/2025:14:58:54 -0500] "GET /ecp/Current/exporttool/microsoft.exchange.ediscovery.exporttool.application HTTP/1.1" 301 0 "-" "Go-http-client/1.1"
209.38.208.202 - - [08/Nov/2025:14:58:55 -0500] "GET /server-status HTTP/1.1" 301 0 "-" "Go-http-client/1.1"
209.38.208.202 - - [08/Nov/2025:14:58:58 -0500] "GET /login.action HTTP/1.1" 301 0 "-" "Go-http-client/1.1"
209.38.208.202 - - [08/Nov/2025:14:58:59 -0500] "GET /_all_dbs HTTP/1.1" 301 0 "-" "Mozilla/5.0 (l9scan/2.0.930323e22343e2635313e2538313; +https://leakix.net)"
209.38.208.202 - - [08/Nov/2025:14:59:02 -0500] "GET /.DS_Store HTTP/1.1" 301 0 "-" "Go-http-client/1.1"
209.38.208.202 - - [08/Nov/2025:14:59:04 -0500] "GET /.env HTTP/1.1" 301 0 "-" "Go-http-client/1.1"
185.156.42.209 - - [08/Nov/2025:14:59:06 -0500] "POST /wp-cron.php?doing_wp_cron=1762631946.5165410041809082031250 HTTP/1.1" 200 0 "https://artcosmetic.goodface.com.ua/wp-cron.php?doing_wp_cron=1762631946.5165410041809082031250" "WordPress/5.6.16; https://artcosmetic.goodface.com.ua"
209.38.208.202 - - [08/Nov/2025:14:59:06 -0500] "GET /.git/config HTTP/1.1" 301 0 "-" "Go-http-client/1.1"
209.38.208.202 - - [08/Nov/2025:14:59:10 -0500] "GET /s/930323e22343e2635313e2538313/_/;/META-INF/maven/com.atlassian.jira/jira-webapp-dist/pom.properties HTTP/1.1" 499 0 "-" "Go-http-client/1.1"
209.38.208.202 - - [08/Nov/2025:14:59:12 -0500] "GET /config.json HTTP/1.1" 301 0 "-" "Go-http-client/1.1"
209.38.208.202 - - [08/Nov/2025:14:59:13 -0500] "GET /telescope/requests HTTP/1.1" 301 0 "-" "Go-http-client/1.1"
209.38.208.202 - - [08/Nov/2025:14:59:16 -0500] "GET /info.php HTTP/1.1" 301 0 "-" "Go-http-client/1.1"
209.38.208.202 - - [08/Nov/2025:14:59:19 -0500] "GET /?rest_route=/wp/v2/users/ HTTP/1.1" 499 0 "-" "Go-http-client/1.1"
185.156.42.209 - - [08/Nov/2025:16:44:53 -0500] "POST /wp-cron.php?doing_wp_cron=1762638293.4417650699615478515625 HTTP/1.1" 200 0 "https://artcosmetic.goodface.com.ua/wp-cron.php?doing_wp_cron=1762638293.4417650699615478515625" "WordPress/5.6.16; https://artcosmetic.goodface.com.ua"
107.189.14.134 - - [08/Nov/2025:16:44:55 -0500] "GET /wp-login.php HTTP/1.1" 200 2481 "https://www.bing.com/" "Mozilla/5.0 (Windows NT 10.0; Win64; x64) AppleWebKit/537.36 (KHTML, like Gecko) Chrome/118.0.5993.117 Safari/537.36"
107.189.14.134 - - [08/Nov/2025:16:45:00 -0500] "POST /wp-login.php HTTP/1.1" 200 2610 "https://www.bing.com/" "Mozilla/5.0 (Windows NT 10.0; Win64; x64) AppleWebKit/537.36 (KHTML, like Gecko) Chrome/118.0.5993.117 Safari/537.36"
185.156.42.209 - - [08/Nov/2025:16:55:13 -0500] "POST /wp-cron.php?doing_wp_cron=1762638913.1858220100402832031250 HTTP/1.1" 200 0 "https://artcosmetic.goodface.com.ua/wp-cron.php?doing_wp_cron=1762638913.1858220100402832031250" "WordPress/5.6.16; https://artcosmetic.goodface.com.ua"
209.141.57.89 - - [08/Nov/2025:16:55:13 -0500] "GET /wp-login.php HTTP/1.1" 200 7948 "-" "Mozilla/5.0 (iPhone; CPU iPhone OS 7_1 like Mac OS X) AppleWebKit/537.51.2 (KHTML, like Gecko) Version/7.0 Mobile/11D167 Safari/9537.53"
209.141.57.89 - - [08/Nov/2025:16:55:19 -0500] "POST /wp-login.php HTTP/1.1" 200 8393 "-" "Mozilla/5.0 (iPhone; CPU iPhone OS 7_1 like Mac OS X) AppleWebKit/537.51.2 (KHTML, like Gecko) Version/7.0 Mobile/11D167 Safari/9537.53"
139.59.143.102 - - [08/Nov/2025:17:52:15 -0500] "GET / HTTP/1.1" 499 0 "-" "-"
185.156.42.209 - - [08/Nov/2025:17:52:18 -0500] "POST /wp-cron.php?doing_wp_cron=1762642338.2709000110626220703125 HTTP/1.1" 200 0 "https://artcosmetic.goodface.com.ua/wp-cron.php?doing_wp_cron=1762642338.2709000110626220703125" "WordPress/5.6.16; https://artcosmetic.goodface.com.ua"
185.156.42.209 - - [08/Nov/2025:17:52:18 -0500] "POST /wp-cron.php?doing_wp_cron=1762642338.2711880207061767578125 HTTP/1.1" 200 0 "https://artcosmetic.goodface.com.ua/wp-cron.php?doing_wp_cron=1762642338.2711880207061767578125" "WordPress/5.6.16; https://artcosmetic.goodface.com.ua"
139.59.143.102 - - [08/Nov/2025:17:52:21 -0500] "GET / HTTP/1.1" 200 41839 "-" "Mozilla/5.0 (Linux; Android 6.0; HTC One M9 Build/MRA022971) AppleWebKit/537.36 (KHTML, like Gecko) Chrome/52.0.3114.98 Mobile Safari/537.3"
139.59.143.102 - - [08/Nov/2025:17:52:24 -0500] "POST /graphql HTTP/1.1" 499 0 "-" "Mozilla/5.0 (l9scan/2.0.930323e22343e2635313e2538313; +https://leakix.net)"
139.59.143.102 - - [08/Nov/2025:17:52:27 -0500] "POST /api HTTP/1.1" 404 5879 "-" "Mozilla/5.0 (l9scan/2.0.930323e22343e2635313e2538313; +https://leakix.net)"
139.59.143.102 - - [08/Nov/2025:17:52:29 -0500] "POST /api/graphql HTTP/1.1" 404 5879 "-" "Mozilla/5.0 (l9scan/2.0.930323e22343e2635313e2538313; +https://leakix.net)"
139.59.143.102 - - [08/Nov/2025:17:52:30 -0500] "POST /graphql/api HTTP/1.1" 404 5879 "-" "Mozilla/5.0 (l9scan/2.0.930323e22343e2635313e2538313; +https://leakix.net)"
139.59.143.102 - - [08/Nov/2025:17:52:31 -0500] "POST /api/gql HTTP/1.1" 499 0 "-" "Mozilla/5.0 (l9scan/2.0.930323e22343e2635313e2538313; +https://leakix.net)"
139.59.143.102 - - [08/Nov/2025:17:52:34 -0500] "GET /swagger-ui.html HTTP/1.1" 404 5879 "-" "Mozilla/5.0 (l9scan/2.0.930323e22343e2635313e2538313; +https://leakix.net)"
139.59.143.102 - - [08/Nov/2025:17:52:36 -0500] "GET /swagger/index.html HTTP/1.1" 404 5879 "-" "Mozilla/5.0 (l9scan/2.0.930323e22343e2635313e2538313; +https://leakix.net)"
139.59.143.102 - - [08/Nov/2025:17:52:37 -0500] "GET /swagger/swagger-ui.html HTTP/1.1" 404 5879 "-" "Mozilla/5.0 (l9scan/2.0.930323e22343e2635313e2538313; +https://leakix.net)"
139.59.143.102 - - [08/Nov/2025:17:52:39 -0500] "GET /webjars/swagger-ui/index.html HTTP/1.1" 404 5879 "-" "Mozilla/5.0 (l9scan/2.0.930323e22343e2635313e2538313; +https://leakix.net)"
139.59.143.102 - - [08/Nov/2025:17:52:41 -0500] "GET /swagger.json HTTP/1.1" 404 5879 "-" "Mozilla/5.0 (l9scan/2.0.930323e22343e2635313e2538313; +https://leakix.net)"
139.59.143.102 - - [08/Nov/2025:17:52:41 -0500] "GET /swagger/v1/swagger.json HTTP/1.1" 499 0 "-" "Mozilla/5.0 (l9scan/2.0.930323e22343e2635313e2538313; +https://leakix.net)"
139.59.143.102 - - [08/Nov/2025:17:52:44 -0500] "GET /@vite/env HTTP/1.1" 499 0 "-" "Go-http-client/1.1"
139.59.143.102 - - [08/Nov/2025:17:52:46 -0500] "GET /actuator/env HTTP/1.1" 404 5879 "-" "Go-http-client/1.1"
139.59.143.102 - - [08/Nov/2025:17:52:47 -0500] "GET /server HTTP/1.1" 404 5879 "-" "Go-http-client/1.1"
139.59.143.102 - - [08/Nov/2025:17:52:49 -0500] "GET /.vscode/sftp.json HTTP/1.1" 404 5879 "-" "Go-http-client/1.1"
139.59.143.102 - - [08/Nov/2025:17:52:51 -0500] "GET /about HTTP/1.1" 301 0 "-" "Go-http-client/1.1"
139.59.143.102 - - [08/Nov/2025:17:52:52 -0500] "GET /debug/default/view?panel=config HTTP/1.1" 404 5879 "-" "Go-http-client/1.1"
139.59.143.102 - - [08/Nov/2025:17:52:54 -0500] "GET /v2/_catalog HTTP/1.1" 404 5879 "-" "Go-http-client/1.1"
139.59.143.102 - - [08/Nov/2025:17:52:56 -0500] "GET /ecp/Current/exporttool/microsoft.exchange.ediscovery.exporttool.application HTTP/1.1" 404 5879 "-" "Go-http-client/1.1"
139.59.143.102 - - [08/Nov/2025:17:52:58 -0500] "GET /server-status HTTP/1.1" 404 5879 "-" "Go-http-client/1.1"
139.59.143.102 - - [08/Nov/2025:17:52:59 -0500] "GET /login.action HTTP/1.1" 404 5879 "-" "Go-http-client/1.1"
139.59.143.102 - - [08/Nov/2025:17:53:01 -0500] "GET /_all_dbs HTTP/1.1" 404 5879 "-" "Mozilla/5.0 (l9scan/2.0.930323e22343e2635313e2538313; +https://leakix.net)"
139.59.143.102 - - [08/Nov/2025:17:53:03 -0500] "GET /.DS_Store HTTP/1.1" 404 5879 "-" "Go-http-client/1.1"
139.59.143.102 - - [08/Nov/2025:17:53:04 -0500] "GET /.env HTTP/1.1" 404 5879 "-" "Go-http-client/1.1"
185.156.42.209 - - [08/Nov/2025:17:53:06 -0500] "POST /wp-cron.php?doing_wp_cron=1762642386.1219010353088378906250 HTTP/1.1" 200 0 "https://artcosmetic.goodface.com.ua/wp-cron.php?doing_wp_cron=1762642386.1219010353088378906250" "WordPress/5.6.16; https://artcosmetic.goodface.com.ua"
139.59.143.102 - - [08/Nov/2025:17:53:07 -0500] "GET /.git/config HTTP/1.1" 404 0 "-" "Go-http-client/1.1"
139.59.143.102 - - [08/Nov/2025:17:53:09 -0500] "GET /s/930323e22343e2635313e2538313/_/;/META-INF/maven/com.atlassian.jira/jira-webapp-dist/pom.properties HTTP/1.1" 404 5879 "-" "Go-http-client/1.1"
139.59.143.102 - - [08/Nov/2025:17:53:11 -0500] "GET /config.json HTTP/1.1" 404 5879 "-" "Go-http-client/1.1"
139.59.143.102 - - [08/Nov/2025:17:53:13 -0500] "GET /telescope/requests HTTP/1.1" 404 5879 "-" "Go-http-client/1.1"
139.59.143.102 - - [08/Nov/2025:17:53:14 -0500] "GET /info.php HTTP/1.1" 404 5879 "-" "Go-http-client/1.1"
139.59.143.102 - - [08/Nov/2025:17:53:17 -0500] "GET /?rest_route=/wp/v2/users/ HTTP/1.1" 200 1461 "-" "Go-http-client/1.1"
3.227.21.228 - - [08/Nov/2025:17:58:10 -0500] "GET / HTTP/2.0" 302 0 "-" "Mozilla/5.0 (Windows NT 10.0; Win64; x64) AppleWebKit/537.36 (KHTML, like Gecko) Chrome/103.0.5060.66 Safari/537.36 Edg/103.0.1264.44"
3.227.21.228 - - [08/Nov/2025:17:58:10 -0500] "GET / HTTP/2.0" 302 0 "-" "Mozilla/5.0 (X11; Linux x86_64) AppleWebKit/537.36 (KHTML, like Gecko) Chrome/140.0.0.0 Safari/537.36"
185.156.42.209 - - [08/Nov/2025:17:58:13 -0500] "POST /wp-cron.php?doing_wp_cron=1762642693.7589659690856933593750 HTTP/1.1" 200 0 "https://artcosmetic.goodface.com.ua/wp-cron.php?doing_wp_cron=1762642693.7589659690856933593750" "WordPress/5.6.16; https://artcosmetic.goodface.com.ua"
3.227.21.228 - - [08/Nov/2025:17:58:16 -0500] "GET /en/ HTTP/2.0" 200 9491 "-" "Mozilla/5.0 (X11; Linux x86_64) AppleWebKit/537.36 (KHTML, like Gecko) Chrome/140.0.0.0 Safari/537.36"
3.227.21.228 - - [08/Nov/2025:17:58:16 -0500] "GET /en/ HTTP/2.0" 200 9491 "-" "Mozilla/5.0 (Windows NT 10.0; Win64; x64) AppleWebKit/537.36 (KHTML, like Gecko) Chrome/103.0.5060.66 Safari/537.36 Edg/103.0.1264.44"
3.227.21.228 - - [08/Nov/2025:17:58:17 -0500] "GET /wp-content/themes/artcosmetic/style.css HTTP/2.0" 200 162 "https://artcosmetic.goodface.com.ua/en/" "Mozilla/5.0 (Windows NT 10.0; Win64; x64) AppleWebKit/537.36 (KHTML, like Gecko) Chrome/103.0.5060.66 Safari/537.36 Edg/103.0.1264.44"
3.227.21.228 - - [08/Nov/2025:17:58:17 -0500] "GET /wp-content/plugins/contact-form-7/includes/css/styles.css?ver=5.4 HTTP/2.0" 200 824 "https://artcosmetic.goodface.com.ua/en/" "Mozilla/5.0 (Windows NT 10.0; Win64; x64) AppleWebKit/537.36 (KHTML, like Gecko) Chrome/103.0.5060.66 Safari/537.36 Edg/103.0.1264.44"
3.227.21.228 - - [08/Nov/2025:17:58:17 -0500] "GET /wp-content/plugins/woocommerce/packages/woocommerce-blocks/build/vendors-style.css?ver=4.0.0 HTTP/2.0" 200 913 "https://artcosmetic.goodface.com.ua/en/" "Mozilla/5.0 (Windows NT 10.0; Win64; x64) AppleWebKit/537.36 (KHTML, like Gecko) Chrome/103.0.5060.66 Safari/537.36 Edg/103.0.1264.44"
3.227.21.228 - - [08/Nov/2025:17:58:17 -0500] "GET /wp-includes/css/dist/block-library/style.min.css?ver=5.6.16 HTTP/2.0" 200 7413 "https://artcosmetic.goodface.com.ua/en/" "Mozilla/5.0 (Windows NT 10.0; Win64; x64) AppleWebKit/537.36 (KHTML, like Gecko) Chrome/103.0.5060.66 Safari/537.36 Edg/103.0.1264.44"
3.227.21.228 - - [08/Nov/2025:17:58:17 -0500] "GET /wp-content/plugins/search-filter-pro/public/assets/css/search-filter.min.css?ver=2.5.4 HTTP/2.0" 200 6038 "https://artcosmetic.goodface.com.ua/en/" "Mozilla/5.0 (Windows NT 10.0; Win64; x64) AppleWebKit/537.36 (KHTML, like Gecko) Chrome/103.0.5060.66 Safari/537.36 Edg/103.0.1264.44"
3.227.21.228 - - [08/Nov/2025:17:58:17 -0500] "GET /wp-content/plugins/woocommerce/packages/woocommerce-blocks/build/style.css?ver=4.0.0 HTTP/2.0" 200 16957 "https://artcosmetic.goodface.com.ua/en/" "Mozilla/5.0 (Windows NT 10.0; Win64; x64) AppleWebKit/537.36 (KHTML, like Gecko) Chrome/103.0.5060.66 Safari/537.36 Edg/103.0.1264.44"
3.227.21.228 - - [08/Nov/2025:17:58:17 -0500] "GET /wp-content/themes/artcosmetic/css/slick.min.css?ver=2.1.1 HTTP/2.0" 200 398 "https://artcosmetic.goodface.com.ua/en/" "Mozilla/5.0 (Windows NT 10.0; Win64; x64) AppleWebKit/537.36 (KHTML, like Gecko) Chrome/103.0.5060.66 Safari/537.36 Edg/103.0.1264.44"
3.227.21.228 - - [08/Nov/2025:17:58:17 -0500] "GET /wp-content/themes/artcosmetic/css/style.css?ver=2.1.1 HTTP/2.0" 200 11660 "https://artcosmetic.goodface.com.ua/en/" "Mozilla/5.0 (Windows NT 10.0; Win64; x64) AppleWebKit/537.36 (KHTML, like Gecko) Chrome/103.0.5060.66 Safari/537.36 Edg/103.0.1264.44"
3.227.21.228 - - [08/Nov/2025:17:58:17 -0500] "GET /wp-content/themes/artcosmetic/css/faq.css?ver=2.1.1 HTTP/2.0" 200 1579 "https://artcosmetic.goodface.com.ua/en/" "Mozilla/5.0 (Windows NT 10.0; Win64; x64) AppleWebKit/537.36 (KHTML, like Gecko) Chrome/103.0.5060.66 Safari/537.36 Edg/103.0.1264.44"
3.227.21.228 - - [08/Nov/2025:17:58:17 -0500] "GET /wp-content/themes/artcosmetic/js/jquery-3.3.1.min.js?ver=3.3.1 HTTP/2.0" 200 29707 "https://artcosmetic.goodface.com.ua/en/" "Mozilla/5.0 (Windows NT 10.0; Win64; x64) AppleWebKit/537.36 (KHTML, like Gecko) Chrome/103.0.5060.66 Safari/537.36 Edg/103.0.1264.44"
3.227.21.228 - - [08/Nov/2025:17:58:17 -0500] "GET /wp-content/plugins/search-filter-pro/public/assets/js/search-filter-build.min.js?ver=2.5.4 HTTP/2.0" 200 18141 "https://artcosmetic.goodface.com.ua/en/" "Mozilla/5.0 (Windows NT 10.0; Win64; x64) AppleWebKit/537.36 (KHTML, like Gecko) Chrome/103.0.5060.66 Safari/537.36 Edg/103.0.1264.44"
3.227.21.228 - - [08/Nov/2025:17:58:17 -0500] "GET /wp-content/themes/artcosmetic/style.css HTTP/2.0" 200 162 "https://artcosmetic.goodface.com.ua/en/" "Mozilla/5.0 (X11; Linux x86_64) AppleWebKit/537.36 (KHTML, like Gecko) Chrome/140.0.0.0 Safari/537.36"
3.227.21.228 - - [08/Nov/2025:17:58:17 -0500] "GET /wp-includes/css/dist/block-library/style.min.css?ver=5.6.16 HTTP/2.0" 200 7413 "https://artcosmetic.goodface.com.ua/en/" "Mozilla/5.0 (X11; Linux x86_64) AppleWebKit/537.36 (KHTML, like Gecko) Chrome/140.0.0.0 Safari/537.36"
3.227.21.228 - - [08/Nov/2025:17:58:17 -0500] "GET /wp-content/plugins/woocommerce/packages/woocommerce-blocks/build/vendors-style.css?ver=4.0.0 HTTP/2.0" 200 913 "https://artcosmetic.goodface.com.ua/en/" "Mozilla/5.0 (X11; Linux x86_64) AppleWebKit/537.36 (KHTML, like Gecko) Chrome/140.0.0.0 Safari/537.36"
3.227.21.228 - - [08/Nov/2025:17:58:17 -0500] "GET /wp-content/plugins/contact-form-7/includes/css/styles.css?ver=5.4 HTTP/2.0" 200 824 "https://artcosmetic.goodface.com.ua/en/" "Mozilla/5.0 (X11; Linux x86_64) AppleWebKit/537.36 (KHTML, like Gecko) Chrome/140.0.0.0 Safari/537.36"
3.227.21.228 - - [08/Nov/2025:17:58:17 -0500] "GET /wp-content/plugins/search-filter-pro/public/assets/css/search-filter.min.css?ver=2.5.4 HTTP/2.0" 200 6038 "https://artcosmetic.goodface.com.ua/en/" "Mozilla/5.0 (X11; Linux x86_64) AppleWebKit/537.36 (KHTML, like Gecko) Chrome/140.0.0.0 Safari/537.36"
3.227.21.228 - - [08/Nov/2025:17:58:17 -0500] "GET /wp-content/themes/artcosmetic/css/style.css?ver=2.1.1 HTTP/2.0" 200 11660 "https://artcosmetic.goodface.com.ua/en/" "Mozilla/5.0 (X11; Linux x86_64) AppleWebKit/537.36 (KHTML, like Gecko) Chrome/140.0.0.0 Safari/537.36"
3.227.21.228 - - [08/Nov/2025:17:58:17 -0500] "GET /wp-content/themes/artcosmetic/css/slick.min.css?ver=2.1.1 HTTP/2.0" 200 398 "https://artcosmetic.goodface.com.ua/en/" "Mozilla/5.0 (X11; Linux x86_64) AppleWebKit/537.36 (KHTML, like Gecko) Chrome/140.0.0.0 Safari/537.36"
3.227.21.228 - - [08/Nov/2025:17:58:17 -0500] "GET /wp-content/plugins/woocommerce/packages/woocommerce-blocks/build/style.css?ver=4.0.0 HTTP/2.0" 200 16957 "https://artcosmetic.goodface.com.ua/en/" "Mozilla/5.0 (X11; Linux x86_64) AppleWebKit/537.36 (KHTML, like Gecko) Chrome/140.0.0.0 Safari/537.36"
3.227.21.228 - - [08/Nov/2025:17:58:18 -0500] "GET /wp-content/themes/artcosmetic/css/faq.css?ver=2.1.1 HTTP/2.0" 200 1579 "https://artcosmetic.goodface.com.ua/en/" "Mozilla/5.0 (X11; Linux x86_64) AppleWebKit/537.36 (KHTML, like Gecko) Chrome/140.0.0.0 Safari/537.36"
3.227.21.228 - - [08/Nov/2025:17:58:19 -0500] "GET /wp-content/plugins/search-filter-pro/public/assets/js/chosen.jquery.min.js?ver=2.5.4 HTTP/2.0" 200 6440 "https://artcosmetic.goodface.com.ua/en/" "Mozilla/5.0 (Windows NT 10.0; Win64; x64) AppleWebKit/537.36 (KHTML, like Gecko) Chrome/103.0.5060.66 Safari/537.36 Edg/103.0.1264.44"
3.227.21.228 - - [08/Nov/2025:17:58:19 -0500] "GET /wp-content/uploads/2020/12/logo-horizontal-3.svg HTTP/2.0" 200 8482 "https://artcosmetic.goodface.com.ua/en/" "Mozilla/5.0 (Windows NT 10.0; Win64; x64) AppleWebKit/537.36 (KHTML, like Gecko) Chrome/103.0.5060.66 Safari/537.36 Edg/103.0.1264.44"
3.227.21.228 - - [08/Nov/2025:17:58:19 -0500] "GET /wp-includes/js/dist/url.min.js?ver=1b4bb2b3f526a1db366ca3147ac39562 HTTP/2.0" 200 4642 "https://artcosmetic.goodface.com.ua/en/" "Mozilla/5.0 (Windows NT 10.0; Win64; x64) AppleWebKit/537.36 (KHTML, like Gecko) Chrome/103.0.5060.66 Safari/537.36 Edg/103.0.1264.44"
3.227.21.228 - - [08/Nov/2025:17:58:19 -0500] "GET /wp-includes/js/dist/hooks.min.js?ver=d0d9f43e03080e6ace9a3dabbd5f9eee HTTP/2.0" 200 2089 "https://artcosmetic.goodface.com.ua/en/" "Mozilla/5.0 (Windows NT 10.0; Win64; x64) AppleWebKit/537.36 (KHTML, like Gecko) Chrome/103.0.5060.66 Safari/537.36 Edg/103.0.1264.44"
3.227.21.228 - - [08/Nov/2025:17:58:19 -0500] "GET /wp-includes/js/dist/i18n.min.js?ver=9e36b5da09c96c657b0297fd6f7cb1fd HTTP/2.0" 200 3546 "https://artcosmetic.goodface.com.ua/en/" "Mozilla/5.0 (Windows NT 10.0; Win64; x64) AppleWebKit/537.36 (KHTML, like Gecko) Chrome/103.0.5060.66 Safari/537.36 Edg/103.0.1264.44"
3.227.21.228 - - [08/Nov/2025:17:58:19 -0500] "GET /wp-includes/js/dist/vendor/lodash.min.js?ver=4.17.21 HTTP/2.0" 200 25220 "https://artcosmetic.goodface.com.ua/en/" "Mozilla/5.0 (Windows NT 10.0; Win64; x64) AppleWebKit/537.36 (KHTML, like Gecko) Chrome/103.0.5060.66 Safari/537.36 Edg/103.0.1264.44"
3.227.21.228 - - [08/Nov/2025:17:58:19 -0500] "GET /wp-includes/js/dist/vendor/wp-polyfill.min.js?ver=7.4.4 HTTP/2.0" 200 32644 "https://artcosmetic.goodface.com.ua/en/" "Mozilla/5.0 (Windows NT 10.0; Win64; x64) AppleWebKit/537.36 (KHTML, like Gecko) Chrome/103.0.5060.66 Safari/537.36 Edg/103.0.1264.44"
3.227.21.228 - - [08/Nov/2025:17:58:19 -0500] "GET /wp-content/uploads/2021/12/nanogen-2.png HTTP/2.0" 200 63151 "https://artcosmetic.goodface.com.ua/en/" "Mozilla/5.0 (Windows NT 10.0; Win64; x64) AppleWebKit/537.36 (KHTML, like Gecko) Chrome/103.0.5060.66 Safari/537.36 Edg/103.0.1264.44"
3.227.21.228 - - [08/Nov/2025:17:58:19 -0500] "GET /wp-content/uploads/2022/10/hair-science-main.png HTTP/2.0" 200 39996 "https://artcosmetic.goodface.com.ua/en/" "Mozilla/5.0 (Windows NT 10.0; Win64; x64) AppleWebKit/537.36 (KHTML, like Gecko) Chrome/103.0.5060.66 Safari/537.36 Edg/103.0.1264.44"
3.227.21.228 - - [08/Nov/2025:17:58:19 -0500] "GET /wp-includes/js/dist/api-fetch.min.js?ver=c207d2d188ba8bf763f7acd50b7fd5a9 HTTP/2.0" 200 3359 "https://artcosmetic.goodface.com.ua/en/" "Mozilla/5.0 (Windows NT 10.0; Win64; x64) AppleWebKit/537.36 (KHTML, like Gecko) Chrome/103.0.5060.66 Safari/537.36 Edg/103.0.1264.44"
3.227.21.228 - - [08/Nov/2025:17:58:19 -0500] "GET /wp-content/themes/artcosmetic/fonts/alice-regular.woff2 HTTP/2.0" 200 46816 "https://artcosmetic.goodface.com.ua/wp-content/themes/artcosmetic/css/style.css?ver=2.1.1" "Mozilla/5.0 (Windows NT 10.0; Win64; x64) AppleWebKit/537.36 (KHTML, like Gecko) Chrome/103.0.5060.66 Safari/537.36 Edg/103.0.1264.44"
3.227.21.228 - - [08/Nov/2025:17:58:19 -0500] "GET /wp-content/themes/artcosmetic/fonts/montserrat-medium.woff2 HTTP/2.0" 200 34996 "https://artcosmetic.goodface.com.ua/wp-content/themes/artcosmetic/css/style.css?ver=2.1.1" "Mozilla/5.0 (Windows NT 10.0; Win64; x64) AppleWebKit/537.36 (KHTML, like Gecko) Chrome/103.0.5060.66 Safari/537.36 Edg/103.0.1264.44"
3.227.21.228 - - [08/Nov/2025:17:58:19 -0500] "GET /wp-content/themes/artcosmetic/fonts/montserrat-semibold.woff2 HTTP/2.0" 200 33832 "https://artcosmetic.goodface.com.ua/wp-content/themes/artcosmetic/css/style.css?ver=2.1.1" "Mozilla/5.0 (Windows NT 10.0; Win64; x64) AppleWebKit/537.36 (KHTML, like Gecko) Chrome/103.0.5060.66 Safari/537.36 Edg/103.0.1264.44"
3.227.21.228 - - [08/Nov/2025:17:58:19 -0500] "GET /wp-content/uploads/2022/10/hair-sicence-logo.svg HTTP/2.0" 200 174140 "https://artcosmetic.goodface.com.ua/en/" "Mozilla/5.0 (Windows NT 10.0; Win64; x64) AppleWebKit/537.36 (KHTML, like Gecko) Chrome/103.0.5060.66 Safari/537.36 Edg/103.0.1264.44"
3.227.21.228 - - [08/Nov/2025:17:58:19 -0500] "GET /wp-content/plugins/contact-form-7/includes/js/index.js?ver=5.4 HTTP/2.0" 200 3027 "https://artcosmetic.goodface.com.ua/en/" "Mozilla/5.0 (Windows NT 10.0; Win64; x64) AppleWebKit/537.36 (KHTML, like Gecko) Chrome/103.0.5060.66 Safari/537.36 Edg/103.0.1264.44"
3.227.21.228 - - [08/Nov/2025:17:58:19 -0500] "GET /wp-content/plugins/woocommerce/assets/js/jquery-blockui/jquery.blockUI.min.js?ver=2.70 HTTP/2.0" 200 3233 "https://artcosmetic.goodface.com.ua/en/" "Mozilla/5.0 (Windows NT 10.0; Win64; x64) AppleWebKit/537.36 (KHTML, like Gecko) Chrome/103.0.5060.66 Safari/537.36 Edg/103.0.1264.44"
3.227.21.228 - - [08/Nov/2025:17:58:19 -0500] "GET /wp-content/plugins/woocommerce/assets/js/frontend/add-to-cart.min.js?ver=5.0.1 HTTP/2.0" 200 971 "https://artcosmetic.goodface.com.ua/en/" "Mozilla/5.0 (Windows NT 10.0; Win64; x64) AppleWebKit/537.36 (KHTML, like Gecko) Chrome/103.0.5060.66 Safari/537.36 Edg/103.0.1264.44"
3.227.21.228 - - [08/Nov/2025:17:58:19 -0500] "GET /wp-content/plugins/woocommerce/assets/js/js-cookie/js.cookie.min.js?ver=2.1.4 HTTP/2.0" 200 900 "https://artcosmetic.goodface.com.ua/en/" "Mozilla/5.0 (Windows NT 10.0; Win64; x64) AppleWebKit/537.36 (KHTML, like Gecko) Chrome/103.0.5060.66 Safari/537.36 Edg/103.0.1264.44"
3.227.21.228 - - [08/Nov/2025:17:58:19 -0500] "GET /wp-content/plugins/woocommerce/assets/js/frontend/woocommerce.min.js?ver=5.0.1 HTTP/2.0" 200 665 "https://artcosmetic.goodface.com.ua/en/" "Mozilla/5.0 (Windows NT 10.0; Win64; x64) AppleWebKit/537.36 (KHTML, like Gecko) Chrome/103.0.5060.66 Safari/537.36 Edg/103.0.1264.44"
3.227.21.228 - - [08/Nov/2025:17:58:19 -0500] "GET /wp-content/plugins/woocommerce/assets/js/frontend/cart-fragments.min.js?ver=5.0.1 HTTP/2.0" 200 934 "https://artcosmetic.goodface.com.ua/en/" "Mozilla/5.0 (Windows NT 10.0; Win64; x64) AppleWebKit/537.36 (KHTML, like Gecko) Chrome/103.0.5060.66 Safari/537.36 Edg/103.0.1264.44"
3.227.21.228 - - [08/Nov/2025:17:58:19 -0500] "GET /wp-includes/js/jquery/ui/core.min.js?ver=1.12.1 HTTP/2.0" 200 6590 "https://artcosmetic.goodface.com.ua/en/" "Mozilla/5.0 (Windows NT 10.0; Win64; x64) AppleWebKit/537.36 (KHTML, like Gecko) Chrome/103.0.5060.66 Safari/537.36 Edg/103.0.1264.44"
3.227.21.228 - - [08/Nov/2025:17:58:19 -0500] "GET /wp-includes/js/jquery/ui/datepicker.min.js?ver=1.12.1 HTTP/2.0" 200 10353 "https://artcosmetic.goodface.com.ua/en/" "Mozilla/5.0 (Windows NT 10.0; Win64; x64) AppleWebKit/537.36 (KHTML, like Gecko) Chrome/103.0.5060.66 Safari/537.36 Edg/103.0.1264.44"
3.227.21.228 - - [08/Nov/2025:17:58:19 -0500] "GET /wp-content/themes/artcosmetic/js/slick.min.js?ver=2.1.1 HTTP/2.0" 200 10941 "https://artcosmetic.goodface.com.ua/en/" "Mozilla/5.0 (Windows NT 10.0; Win64; x64) AppleWebKit/537.36 (KHTML, like Gecko) Chrome/103.0.5060.66 Safari/537.36 Edg/103.0.1264.44"
3.227.21.228 - - [08/Nov/2025:17:58:19 -0500] "GET /wp-content/themes/artcosmetic/js/script.js?ver=2.1.1 HTTP/2.0" 200 3907 "https://artcosmetic.goodface.com.ua/en/" "Mozilla/5.0 (Windows NT 10.0; Win64; x64) AppleWebKit/537.36 (KHTML, like Gecko) Chrome/103.0.5060.66 Safari/537.36 Edg/103.0.1264.44"
3.227.21.228 - - [08/Nov/2025:17:58:19 -0500] "GET /wp-content/uploads/2019/04/costume-national-logo.png HTTP/2.0" 200 23169 "https://artcosmetic.goodface.com.ua/en/" "Mozilla/5.0 (Windows NT 10.0; Win64; x64) AppleWebKit/537.36 (KHTML, like Gecko) Chrome/103.0.5060.66 Safari/537.36 Edg/103.0.1264.44"
3.227.21.228 - - [08/Nov/2025:17:58:19 -0500] "GET /wp-content/uploads/2019/05/Group-2.2-4.png HTTP/2.0" 200 19988 "https://artcosmetic.goodface.com.ua/en/" "Mozilla/5.0 (Windows NT 10.0; Win64; x64) AppleWebKit/537.36 (KHTML, like Gecko) Chrome/103.0.5060.66 Safari/537.36 Edg/103.0.1264.44"
3.227.21.228 - - [08/Nov/2025:17:58:20 -0500] "GET /wp-content/uploads/2019/04/nanogen-logo.png HTTP/2.0" 200 15298 "https://artcosmetic.goodface.com.ua/en/" "Mozilla/5.0 (Windows NT 10.0; Win64; x64) AppleWebKit/537.36 (KHTML, like Gecko) Chrome/103.0.5060.66 Safari/537.36 Edg/103.0.1264.44"
3.227.21.228 - - [08/Nov/2025:17:58:20 -0500] "GET /wp-content/plugins/search-filter-pro/public/assets/js/search-filter-build.min.js?ver=2.5.4 HTTP/2.0" 200 18141 "https://artcosmetic.goodface.com.ua/en/" "Mozilla/5.0 (X11; Linux x86_64) AppleWebKit/537.36 (KHTML, like Gecko) Chrome/140.0.0.0 Safari/537.36"
3.227.21.228 - - [08/Nov/2025:17:58:20 -0500] "GET /wp-content/themes/artcosmetic/js/jquery-3.3.1.min.js?ver=3.3.1 HTTP/2.0" 200 29707 "https://artcosmetic.goodface.com.ua/en/" "Mozilla/5.0 (X11; Linux x86_64) AppleWebKit/537.36 (KHTML, like Gecko) Chrome/140.0.0.0 Safari/537.36"
3.227.21.228 - - [08/Nov/2025:17:58:20 -0500] "GET /wp-content/plugins/search-filter-pro/public/assets/js/chosen.jquery.min.js?ver=2.5.4 HTTP/2.0" 200 6440 "https://artcosmetic.goodface.com.ua/en/" "Mozilla/5.0 (X11; Linux x86_64) AppleWebKit/537.36 (KHTML, like Gecko) Chrome/140.0.0.0 Safari/537.36"
3.227.21.228 - - [08/Nov/2025:17:58:20 -0500] "GET /wp-content/uploads/2021/12/nanogen-2.png HTTP/2.0" 200 63151 "https://artcosmetic.goodface.com.ua/en/" "Mozilla/5.0 (X11; Linux x86_64) AppleWebKit/537.36 (KHTML, like Gecko) Chrome/140.0.0.0 Safari/537.36"
3.227.21.228 - - [08/Nov/2025:17:58:20 -0500] "GET /wp-content/uploads/2022/10/hair-sicence-logo.svg HTTP/2.0" 200 174140 "https://artcosmetic.goodface.com.ua/en/" "Mozilla/5.0 (X11; Linux x86_64) AppleWebKit/537.36 (KHTML, like Gecko) Chrome/140.0.0.0 Safari/537.36"
3.227.21.228 - - [08/Nov/2025:17:58:20 -0500] "GET /wp-content/uploads/2022/10/hair-science-main.png HTTP/2.0" 200 39996 "https://artcosmetic.goodface.com.ua/en/" "Mozilla/5.0 (X11; Linux x86_64) AppleWebKit/537.36 (KHTML, like Gecko) Chrome/140.0.0.0 Safari/537.36"
3.227.21.228 - - [08/Nov/2025:17:58:20 -0500] "GET /wp-includes/js/dist/vendor/wp-polyfill.min.js?ver=7.4.4 HTTP/2.0" 200 32644 "https://artcosmetic.goodface.com.ua/en/" "Mozilla/5.0 (X11; Linux x86_64) AppleWebKit/537.36 (KHTML, like Gecko) Chrome/140.0.0.0 Safari/537.36"
3.227.21.228 - - [08/Nov/2025:17:58:20 -0500] "GET /wp-includes/js/dist/i18n.min.js?ver=9e36b5da09c96c657b0297fd6f7cb1fd HTTP/2.0" 200 3546 "https://artcosmetic.goodface.com.ua/en/" "Mozilla/5.0 (X11; Linux x86_64) AppleWebKit/537.36 (KHTML, like Gecko) Chrome/140.0.0.0 Safari/537.36"
3.227.21.228 - - [08/Nov/2025:17:58:20 -0500] "GET /wp-includes/js/dist/vendor/lodash.min.js?ver=4.17.21 HTTP/2.0" 200 25220 "https://artcosmetic.goodface.com.ua/en/" "Mozilla/5.0 (X11; Linux x86_64) AppleWebKit/537.36 (KHTML, like Gecko) Chrome/140.0.0.0 Safari/537.36"
3.227.21.228 - - [08/Nov/2025:17:58:20 -0500] "GET /wp-includes/js/dist/url.min.js?ver=1b4bb2b3f526a1db366ca3147ac39562 HTTP/2.0" 200 4642 "https://artcosmetic.goodface.com.ua/en/" "Mozilla/5.0 (X11; Linux x86_64) AppleWebKit/537.36 (KHTML, like Gecko) Chrome/140.0.0.0 Safari/537.36"
3.227.21.228 - - [08/Nov/2025:17:58:20 -0500] "GET /wp-includes/js/dist/hooks.min.js?ver=d0d9f43e03080e6ace9a3dabbd5f9eee HTTP/2.0" 200 2089 "https://artcosmetic.goodface.com.ua/en/" "Mozilla/5.0 (X11; Linux x86_64) AppleWebKit/537.36 (KHTML, like Gecko) Chrome/140.0.0.0 Safari/537.36"
3.227.21.228 - - [08/Nov/2025:17:58:20 -0500] "GET /wp-includes/js/dist/api-fetch.min.js?ver=c207d2d188ba8bf763f7acd50b7fd5a9 HTTP/2.0" 200 3359 "https://artcosmetic.goodface.com.ua/en/" "Mozilla/5.0 (X11; Linux x86_64) AppleWebKit/537.36 (KHTML, like Gecko) Chrome/140.0.0.0 Safari/537.36"
3.227.21.228 - - [08/Nov/2025:17:58:20 -0500] "GET /wp-content/plugins/contact-form-7/includes/js/index.js?ver=5.4 HTTP/2.0" 200 3027 "https://artcosmetic.goodface.com.ua/en/" "Mozilla/5.0 (X11; Linux x86_64) AppleWebKit/537.36 (KHTML, like Gecko) Chrome/140.0.0.0 Safari/537.36"
3.227.21.228 - - [08/Nov/2025:17:58:20 -0500] "GET /wp-content/plugins/woocommerce/assets/js/jquery-blockui/jquery.blockUI.min.js?ver=2.70 HTTP/2.0" 200 3233 "https://artcosmetic.goodface.com.ua/en/" "Mozilla/5.0 (X11; Linux x86_64) AppleWebKit/537.36 (KHTML, like Gecko) Chrome/140.0.0.0 Safari/537.36"
3.227.21.228 - - [08/Nov/2025:17:58:20 -0500] "GET /wp-content/plugins/woocommerce/assets/js/frontend/add-to-cart.min.js?ver=5.0.1 HTTP/2.0" 200 971 "https://artcosmetic.goodface.com.ua/en/" "Mozilla/5.0 (X11; Linux x86_64) AppleWebKit/537.36 (KHTML, like Gecko) Chrome/140.0.0.0 Safari/537.36"
3.227.21.228 - - [08/Nov/2025:17:58:20 -0500] "GET /wp-content/plugins/woocommerce/assets/js/js-cookie/js.cookie.min.js?ver=2.1.4 HTTP/2.0" 200 900 "https://artcosmetic.goodface.com.ua/en/" "Mozilla/5.0 (X11; Linux x86_64) AppleWebKit/537.36 (KHTML, like Gecko) Chrome/140.0.0.0 Safari/537.36"
3.227.21.228 - - [08/Nov/2025:17:58:20 -0500] "GET /wp-content/plugins/woocommerce/assets/js/frontend/woocommerce.min.js?ver=5.0.1 HTTP/2.0" 200 665 "https://artcosmetic.goodface.com.ua/en/" "Mozilla/5.0 (X11; Linux x86_64) AppleWebKit/537.36 (KHTML, like Gecko) Chrome/140.0.0.0 Safari/537.36"
3.227.21.228 - - [08/Nov/2025:17:58:20 -0500] "GET /wp-content/plugins/woocommerce/assets/js/frontend/cart-fragments.min.js?ver=5.0.1 HTTP/2.0" 200 934 "https://artcosmetic.goodface.com.ua/en/" "Mozilla/5.0 (X11; Linux x86_64) AppleWebKit/537.36 (KHTML, like Gecko) Chrome/140.0.0.0 Safari/537.36"
3.227.21.228 - - [08/Nov/2025:17:58:20 -0500] "GET /wp-includes/js/jquery/ui/core.min.js?ver=1.12.1 HTTP/2.0" 200 6590 "https://artcosmetic.goodface.com.ua/en/" "Mozilla/5.0 (X11; Linux x86_64) AppleWebKit/537.36 (KHTML, like Gecko) Chrome/140.0.0.0 Safari/537.36"
3.227.21.228 - - [08/Nov/2025:17:58:20 -0500] "GET /wp-includes/js/jquery/ui/datepicker.min.js?ver=1.12.1 HTTP/2.0" 200 10353 "https://artcosmetic.goodface.com.ua/en/" "Mozilla/5.0 (X11; Linux x86_64) AppleWebKit/537.36 (KHTML, like Gecko) Chrome/140.0.0.0 Safari/537.36"
3.227.21.228 - - [08/Nov/2025:17:58:20 -0500] "GET /wp-content/themes/artcosmetic/js/slick.min.js?ver=2.1.1 HTTP/2.0" 200 10941 "https://artcosmetic.goodface.com.ua/en/" "Mozilla/5.0 (X11; Linux x86_64) AppleWebKit/537.36 (KHTML, like Gecko) Chrome/140.0.0.0 Safari/537.36"
3.227.21.228 - - [08/Nov/2025:17:58:20 -0500] "GET /wp-content/themes/artcosmetic/js/script.js?ver=2.1.1 HTTP/2.0" 200 3907 "https://artcosmetic.goodface.com.ua/en/" "Mozilla/5.0 (X11; Linux x86_64) AppleWebKit/537.36 (KHTML, like Gecko) Chrome/140.0.0.0 Safari/537.36"
3.227.21.228 - - [08/Nov/2025:17:58:20 -0500] "GET /wp-content/uploads/2019/04/costume-national-logo.png HTTP/2.0" 200 23169 "https://artcosmetic.goodface.com.ua/en/" "Mozilla/5.0 (X11; Linux x86_64) AppleWebKit/537.36 (KHTML, like Gecko) Chrome/140.0.0.0 Safari/537.36"
3.227.21.228 - - [08/Nov/2025:17:58:20 -0500] "GET /wp-content/themes/artcosmetic/fonts/montserrat-medium.woff2 HTTP/2.0" 200 34996 "https://artcosmetic.goodface.com.ua/wp-content/themes/artcosmetic/css/style.css?ver=2.1.1" "Mozilla/5.0 (X11; Linux x86_64) AppleWebKit/537.36 (KHTML, like Gecko) Chrome/140.0.0.0 Safari/537.36"
3.227.21.228 - - [08/Nov/2025:17:58:20 -0500] "GET /wp-content/themes/artcosmetic/fonts/alice-regular.woff2 HTTP/2.0" 200 46816 "https://artcosmetic.goodface.com.ua/wp-content/themes/artcosmetic/css/style.css?ver=2.1.1" "Mozilla/5.0 (X11; Linux x86_64) AppleWebKit/537.36 (KHTML, like Gecko) Chrome/140.0.0.0 Safari/537.36"
3.227.21.228 - - [08/Nov/2025:17:58:20 -0500] "GET /wp-content/themes/artcosmetic/fonts/montserrat-semibold.woff2 HTTP/2.0" 200 33832 "https://artcosmetic.goodface.com.ua/wp-content/themes/artcosmetic/css/style.css?ver=2.1.1" "Mozilla/5.0 (X11; Linux x86_64) AppleWebKit/537.36 (KHTML, like Gecko) Chrome/140.0.0.0 Safari/537.36"
3.227.21.228 - - [08/Nov/2025:17:58:20 -0500] "GET /wp-content/uploads/2019/05/Group-2.2-4.png HTTP/2.0" 200 19988 "https://artcosmetic.goodface.com.ua/en/" "Mozilla/5.0 (X11; Linux x86_64) AppleWebKit/537.36 (KHTML, like Gecko) Chrome/140.0.0.0 Safari/537.36"
3.227.21.228 - - [08/Nov/2025:17:58:21 -0500] "GET /wp-content/uploads/2020/12/logo-horizontal-3.svg HTTP/2.0" 200 8482 "https://artcosmetic.goodface.com.ua/en/" "Mozilla/5.0 (X11; Linux x86_64) AppleWebKit/537.36 (KHTML, like Gecko) Chrome/140.0.0.0 Safari/537.36"
3.227.21.228 - - [08/Nov/2025:17:58:21 -0500] "GET /wp-content/uploads/2019/04/nanogen-logo.png HTTP/2.0" 200 15298 "https://artcosmetic.goodface.com.ua/en/" "Mozilla/5.0 (X11; Linux x86_64) AppleWebKit/537.36 (KHTML, like Gecko) Chrome/140.0.0.0 Safari/537.36"
3.227.21.228 - - [08/Nov/2025:17:58:23 -0500] "GET /en/2914 HTTP/2.0" 404 5507 "https://artcosmetic.goodface.com.ua/en/" "Mozilla/5.0 (Windows NT 10.0; Win64; x64) AppleWebKit/537.36 (KHTML, like Gecko) Chrome/103.0.5060.66 Safari/537.36 Edg/103.0.1264.44"
3.227.21.228 - - [08/Nov/2025:17:58:24 -0500] "GET /wp-content/uploads/2019/04/cropped-favicon-32x32.png HTTP/2.0" 200 250 "https://artcosmetic.goodface.com.ua/en/" "Mozilla/5.0 (Windows NT 10.0; Win64; x64) AppleWebKit/537.36 (KHTML, like Gecko) Chrome/103.0.5060.66 Safari/537.36 Edg/103.0.1264.44"
3.227.21.228 - - [08/Nov/2025:17:58:24 -0500] "POST /?wc-ajax=get_refreshed_fragments HTTP/2.0" 499 0 "https://artcosmetic.goodface.com.ua/en/" "Mozilla/5.0 (Windows NT 10.0; Win64; x64) AppleWebKit/537.36 (KHTML, like Gecko) Chrome/103.0.5060.66 Safari/537.36 Edg/103.0.1264.44"
3.227.21.228 - - [08/Nov/2025:17:58:25 -0500] "GET /wp-content/uploads/2019/04/cropped-favicon-32x32.png HTTP/1.1" 200 250 "-" "Mozilla/5.0 (Windows NT 10.0; Win64; x64) AppleWebKit/537.36 (KHTML, like Gecko) Chrome/103.0.5060.66 Safari/537.36 Edg/103.0.1264.44"
3.227.21.228 - - [08/Nov/2025:17:58:25 -0500] "GET /wp-content/uploads/2019/04/cropped-favicon-192x192.png HTTP/1.1" 200 3433 "-" "Mozilla/5.0 (Windows NT 10.0; Win64; x64) AppleWebKit/537.36 (KHTML, like Gecko) Chrome/103.0.5060.66 Safari/537.36 Edg/103.0.1264.44"
3.227.21.228 - - [08/Nov/2025:17:58:25 -0500] "GET /wp-content/uploads/2019/04/cropped-favicon-180x180.png HTTP/1.1" 200 3131 "-" "Mozilla/5.0 (Windows NT 10.0; Win64; x64) AppleWebKit/537.36 (KHTML, like Gecko) Chrome/103.0.5060.66 Safari/537.36 Edg/103.0.1264.44"
3.227.21.228 - - [08/Nov/2025:17:58:26 -0500] "POST /?wc-ajax=get_refreshed_fragments HTTP/2.0" 499 0 "https://artcosmetic.goodface.com.ua/en/" "Mozilla/5.0 (X11; Linux x86_64) AppleWebKit/537.36 (KHTML, like Gecko) Chrome/140.0.0.0 Safari/537.36"
3.227.21.228 - - [08/Nov/2025:17:58:26 -0500] "GET /en/2914 HTTP/2.0" 404 5507 "https://artcosmetic.goodface.com.ua/en/" "Mozilla/5.0 (X11; Linux x86_64) AppleWebKit/537.36 (KHTML, like Gecko) Chrome/140.0.0.0 Safari/537.36"
3.227.21.228 - - [08/Nov/2025:17:58:27 -0500] "GET /wp-content/uploads/2019/04/cropped-favicon-32x32.png HTTP/2.0" 200 250 "https://artcosmetic.goodface.com.ua/en/" "Mozilla/5.0 (X11; Linux x86_64) AppleWebKit/537.36 (KHTML, like Gecko) Chrome/140.0.0.0 Safari/537.36"
3.227.21.228 - - [08/Nov/2025:17:58:28 -0500] "GET /wp-content/uploads/2019/04/cropped-favicon-32x32.png HTTP/1.1" 200 250 "-" "Mozilla/5.0 (X11; Linux x86_64) AppleWebKit/537.36 (KHTML, like Gecko) Chrome/140.0.0.0 Safari/537.36"
3.227.21.228 - - [08/Nov/2025:17:58:28 -0500] "GET /wp-content/uploads/2019/04/cropped-favicon-192x192.png HTTP/1.1" 200 3433 "-" "Mozilla/5.0 (X11; Linux x86_64) AppleWebKit/537.36 (KHTML, like Gecko) Chrome/140.0.0.0 Safari/537.36"
3.227.21.228 - - [08/Nov/2025:17:58:29 -0500] "GET /wp-content/uploads/2019/04/cropped-favicon-180x180.png HTTP/1.1" 200 3131 "-" "Mozilla/5.0 (X11; Linux x86_64) AppleWebKit/537.36 (KHTML, like Gecko) Chrome/140.0.0.0 Safari/537.36"
185.156.42.209 - - [08/Nov/2025:19:21:53 -0500] "POST /wp-cron.php?doing_wp_cron=1762647713.6497709751129150390625 HTTP/1.1" 200 0 "https://artcosmetic.goodface.com.ua/wp-cron.php?doing_wp_cron=1762647713.6497709751129150390625" "WordPress/5.6.16; https://artcosmetic.goodface.com.ua"
104.244.78.206 - - [08/Nov/2025:19:21:55 -0500] "GET /wp-login.php HTTP/1.1" 200 7948 "-" "Mozilla/5.0 (Windows NT 6.1; WOW64; rv:30.0) Gecko/20100101 Firefox/30.0"
104.244.78.206 - - [08/Nov/2025:19:21:57 -0500] "POST /wp-login.php HTTP/1.1" 200 8379 "-" "Mozilla/5.0 (Windows NT 6.1; WOW64; rv:30.0) Gecko/20100101 Firefox/30.0"
185.156.42.209 - - [08/Nov/2025:19:21:59 -0500] "POST /wp-admin/admin-ajax.php?action=wp_1_wc_privacy_cleanup&nonce=330bb69a7e HTTP/1.1" 499 0 "https://artcosmetic.goodface.com.ua/wp-admin/admin-ajax.php?action=wp_1_wc_privacy_cleanup&nonce=330bb69a7e" "WordPress/5.6.16; https://artcosmetic.goodface.com.ua"
185.156.42.209 - - [08/Nov/2025:19:22:54 -0500] "POST /wp-cron.php?doing_wp_cron=1762647774.1210050582885742187500 HTTP/1.1" 200 0 "https://artcosmetic.goodface.com.ua/wp-cron.php?doing_wp_cron=1762647774.1210050582885742187500" "WordPress/5.6.16; https://artcosmetic.goodface.com.ua"
107.189.14.208 - - [08/Nov/2025:19:22:54 -0500] "GET /wp-login.php HTTP/1.1" 200 7948 "-" "Mozilla/5.0 (Windows NT 6.1; WOW64; rv:24.0) Gecko/20100101 Firefox/24.0"
107.189.14.208 - - [08/Nov/2025:19:22:57 -0500] "POST /wp-login.php HTTP/1.1" 200 8393 "-" "Mozilla/5.0 (Windows NT 6.1; WOW64; rv:24.0) Gecko/20100101 Firefox/24.0"
185.156.42.209 - - [08/Nov/2025:21:14:28 -0500] "POST /wp-cron.php?doing_wp_cron=1762654468.3666241168975830078125 HTTP/1.1" 200 0 "https://artcosmetic.goodface.com.ua/wp-cron.php?doing_wp_cron=1762654468.3666241168975830078125" "WordPress/5.6.16; https://artcosmetic.goodface.com.ua"
104.244.73.57 - - [08/Nov/2025:21:14:30 -0500] "GET /wp-login.php HTTP/1.1" 200 2481 "https://duckduckgo.com/" "Mozilla/5.0 (Windows NT 10.0; Win64; x64; rv:120.0) Gecko/20100101 Firefox/120.0"
104.244.73.57 - - [08/Nov/2025:21:14:32 -0500] "POST /wp-login.php HTTP/1.1" 200 2615 "https://duckduckgo.com/" "Mozilla/5.0 (Windows NT 10.0; Win64; x64; rv:120.0) Gecko/20100101 Firefox/120.0"
185.156.42.209 - - [08/Nov/2025:21:15:22 -0500] "POST /wp-cron.php?doing_wp_cron=1762654522.8570370674133300781250 HTTP/1.1" 200 0 "https://artcosmetic.goodface.com.ua/wp-cron.php?doing_wp_cron=1762654522.8570370674133300781250" "WordPress/5.6.16; https://artcosmetic.goodface.com.ua"
